{"id":1038,"date":"2022-01-29T10:56:55","date_gmt":"2022-01-29T09:56:55","guid":{"rendered":"https:\/\/lafetedesvignerons.be\/?page_id=1038"},"modified":"2023-12-12T11:14:29","modified_gmt":"2023-12-12T10:14:29","slug":"sud-ouest","status":"publish","type":"page","link":"https:\/\/lafetedesvignerons.be\/index.php\/sud-ouest\/","title":{"rendered":"SUD-OUEST"},"content":{"rendered":"\n<h2 class=\"wp-block-heading\">Ch\u00e2teau Latuc (Cahors)<\/h2>\n\n\n\n<style>\/*! elementor - v3.10.1 - 17-01-2023 *\/<br \/>\n.elementor-widget-divider{--divider-border-style:none;--divider-border-width:1px;--divider-color:#2c2c2c;--divider-icon-size:20px;--divider-element-spacing:10px;--divider-pattern-height:24px;--divider-pattern-size:20px;--divider-pattern-url:none;--divider-pattern-repeat:repeat-x}.elementor-widget-divider .elementor-divider{display:flex}.elementor-widget-divider .elementor-divider__text{font-size:15px;line-height:1;max-width:95%}.elementor-widget-divider .elementor-divider__element{margin:0 var(--divider-element-spacing);flex-shrink:0}.elementor-widget-divider .elementor-icon{font-size:var(--divider-icon-size)}.elementor-widget-divider .elementor-divider-separator{display:flex;margin:0;direction:ltr}.elementor-widget-divider--view-line_icon .elementor-divider-separator,.elementor-widget-divider--view-line_text .elementor-divider-separator{align-items:center}.elementor-widget-divider--view-line_icon .elementor-divider-separator:after,.elementor-widget-divider--view-line_icon .elementor-divider-separator:before,.elementor-widget-divider--view-line_text .elementor-divider-separator:after,.elementor-widget-divider--view-line_text .elementor-divider-separator:before{display:block;content:\"\";border-bottom:0;flex-grow:1;border-top:var(--divider-border-width) var(--divider-border-style) var(--divider-color)}.elementor-widget-divider--element-align-left .elementor-divider .elementor-divider-separator>.elementor-divider__svg:first-of-type{flex-grow:0;flex-shrink:100}.elementor-widget-divider--element-align-left .elementor-divider-separator:before{content:none}.elementor-widget-divider--element-align-left .elementor-divider__element{margin-left:0}.elementor-widget-divider--element-align-right .elementor-divider .elementor-divider-separator>.elementor-divider__svg:last-of-type{flex-grow:0;flex-shrink:100}.elementor-widget-divider--element-align-right .elementor-divider-separator:after{content:none}.elementor-widget-divider--element-align-right .elementor-divider__element{margin-right:0}.elementor-widget-divider:not(.elementor-widget-divider--view-line_text):not(.elementor-widget-divider--view-line_icon) .elementor-divider-separator{border-top:var(--divider-border-width) var(--divider-border-style) var(--divider-color)}.elementor-widget-divider--separator-type-pattern{--divider-border-style:none}.elementor-widget-divider--separator-type-pattern.elementor-widget-divider--view-line .elementor-divider-separator,.elementor-widget-divider--separator-type-pattern:not(.elementor-widget-divider--view-line) .elementor-divider-separator:after,.elementor-widget-divider--separator-type-pattern:not(.elementor-widget-divider--view-line) .elementor-divider-separator:before,.elementor-widget-divider--separator-type-pattern:not([class*=elementor-widget-divider--view]) .elementor-divider-separator{width:100%;min-height:var(--divider-pattern-height);-webkit-mask-size:var(--divider-pattern-size) 100%;mask-size:var(--divider-pattern-size) 100%;-webkit-mask-repeat:var(--divider-pattern-repeat);mask-repeat:var(--divider-pattern-repeat);background-color:var(--divider-color);-webkit-mask-image:var(--divider-pattern-url);mask-image:var(--divider-pattern-url)}.elementor-widget-divider--no-spacing{--divider-pattern-size:auto}.elementor-widget-divider--bg-round{--divider-pattern-repeat:round}.rtl .elementor-widget-divider .elementor-divider__text{direction:rtl}.e-con-inner>.elementor-widget-divider,.e-con>.elementor-widget-divider{width:var(--container-widget-width);--flex-grow:var(--container-widget-flex-grow)}<\/style>\n\n\n\n<figure class=\"wp-block-image\"><img decoding=\"async\" src=\"http:\/\/lafetedesvignerons.be\/wp-content\/uploads\/2022\/02\/Latuc-famille-Meyan-Mauroux-\u00ae-Lot-Tourisme-C.-ORY-29-rec-1024x771.jpg\" alt=\"\"\/><\/figure>\n\n\n\n<p>Apr\u00e8s avoir obtenu son dipl\u00f4me d&rsquo;ing\u00e9nieur \u00e0 la Facult\u00e9 des Sciences Agronomiques de Gembloux, Jean-Fran\u00e7ois (originaire de Tamines) d\u00e9cida, avec son \u00e9pouse Genevi\u00e8ve, \u00e9galement ing\u00e9nieur agronome, de suivre une formation compl\u00e9mentaire en viticulture et \u0153nologie en vue de r\u00e9aliser leur r\u00eave cultiver la vigne et \u00e9laborer leur propre vin.<\/p>\n\n\n\n<p>Apr\u00e8s une longue exp\u00e9rience en Alsace o\u00f9 ils ont pu parfaire leurs connaissances en viticulture et acqu\u00e9rir la pratique du m\u00e9tier de vigneron, ils ont eu le coup de foudre pour une exploitation viticole de la r\u00e9gion de Cahors au cours de l&rsquo;ann\u00e9e 2000 : le Ch\u00e2teau Latuc. <\/p>\n\n\n\n<p>Le Ch\u00e2teau Latuc est situ\u00e9 en France, au c\u0153ur du sud-ouest rural, pr\u00e8s de Cahors. Ce joli domaine, nich\u00e9 sur un plateau dominant la vall\u00e9e du Lot, compte aujourd\u2019hui 17 ha de vignes plant\u00e9es sur un terroir au potentiel des plus prometteurs.<\/p>\n\n\n\n<p>Plus d\u2019infos sur <a href=\"https:\/\/www.latuc.com\/findex.htm\">https:\/\/www.latuc.com\/findex.htm<\/a><\/p>\n\n\n\n<h2 class=\"wp-block-heading\">Domaine familial Gouzilh (Charentes)<\/h2>\n\n\n\n<figure class=\"wp-block-image\"><img decoding=\"async\" src=\"http:\/\/lafetedesvignerons.be\/wp-content\/uploads\/2022\/01\/vincent-petit-vigne.jpg\" alt=\"\"\/><\/figure>\n\n\n\n<p>C\u2019est \u00e0 l&rsquo;extr\u00eame sud de la Charente maritime dans le petit village de St-Aigulin que se d\u00e9veloppe depuis 5 g\u00e9n\u00e9rations le Domaine Familial Gouzilh.<\/p>\n\n\n\n<p>C&rsquo;est dans le milieu des ann\u00e9es 30, o\u00f9 est situ\u00e9 de nos jours le domaine, que deux familles du village se sont li\u00e9es par le mariage et ont cr\u00e9\u00e9 la premi\u00e8re activit\u00e9 agricole de la famille.<\/p>\n\n\n\n<p>Au d\u00e9but des ann\u00e9es 70, un des fils, Jean-Pierre, prend la rel\u00e8ve de la ferme.&nbsp;Tout juste mari\u00e9 avec Maryse, ils se sp\u00e9cialisent dans la viticulture pour la fabrication de Cognac et de Pineau des Charentes.&nbsp;<\/p>\n\n\n\n<p>Plus d&rsquo;infos sur <a href=\"https:\/\/www.domainefamilialgouzilh.com\">https:\/\/www.domainefamilialgouzilh.com<\/a><\/p>\n","protected":false},"excerpt":{"rendered":"<p>Ch\u00e2teau Latuc (Cahors) Apr\u00e8s avoir obtenu son dipl\u00f4me d&rsquo;ing\u00e9nieur \u00e0 la Facult\u00e9 des Sciences Agronomiques de Gembloux, Jean-Fran\u00e7ois (originaire de Tamines) d\u00e9cida, avec son \u00e9pouse Genevi\u00e8ve, \u00e9galement ing\u00e9nieur agronome, de suivre une formation compl\u00e9mentaire en viticulture et \u0153nologie en vue de r\u00e9aliser leur r\u00eave cultiver la vigne et \u00e9laborer leur propre vin. Apr\u00e8s une longue [&hellip;]<\/p>\n","protected":false},"author":2,"featured_media":0,"parent":0,"menu_order":0,"comment_status":"closed","ping_status":"closed","template":"","meta":{"footnotes":""},"class_list":["post-1038","page","type-page","status-publish","hentry"],"_links":{"self":[{"href":"https:\/\/lafetedesvignerons.be\/index.php\/wp-json\/wp\/v2\/pages\/1038","targetHints":{"allow":["GET"]}}],"collection":[{"href":"https:\/\/lafetedesvignerons.be\/index.php\/wp-json\/wp\/v2\/pages"}],"about":[{"href":"https:\/\/lafetedesvignerons.be\/index.php\/wp-json\/wp\/v2\/types\/page"}],"author":[{"embeddable":true,"href":"https:\/\/lafetedesvignerons.be\/index.php\/wp-json\/wp\/v2\/users\/2"}],"replies":[{"embeddable":true,"href":"https:\/\/lafetedesvignerons.be\/index.php\/wp-json\/wp\/v2\/comments?post=1038"}],"version-history":[{"count":1,"href":"https:\/\/lafetedesvignerons.be\/index.php\/wp-json\/wp\/v2\/pages\/1038\/revisions"}],"predecessor-version":[{"id":2028,"href":"https:\/\/lafetedesvignerons.be\/index.php\/wp-json\/wp\/v2\/pages\/1038\/revisions\/2028"}],"wp:attachment":[{"href":"https:\/\/lafetedesvignerons.be\/index.php\/wp-json\/wp\/v2\/media?parent=1038"}],"curies":[{"name":"wp","href":"https:\/\/api.w.org\/{rel}","templated":true}]}}