{"id":1243,"date":"2022-02-08T22:34:37","date_gmt":"2022-02-08T21:34:37","guid":{"rendered":"https:\/\/lafetedesvignerons.be\/?page_id=1243"},"modified":"2022-02-08T22:34:37","modified_gmt":"2022-02-08T21:34:37","slug":"bugey","status":"publish","type":"page","link":"https:\/\/lafetedesvignerons.be\/index.php\/bugey\/","title":{"rendered":"BUGEY"},"content":{"rendered":"<h2>Domaine Trichon<\/h2>\n<p>\t\t\t\t\t\t\t\t\t\t\t\t\t\t\t<img decoding=\"async\" width=\"600\" height=\"600\" src=\"http:\/\/lafetedesvignerons.be\/wp-content\/uploads\/2022\/02\/273605593_124336256783256_2732698794200249279_n.jpg\" alt=\"\" loading=\"lazy\" srcset=\"https:\/\/lafetedesvignerons.be\/wp-content\/uploads\/2022\/02\/273605593_124336256783256_2732698794200249279_n.jpg 600w, https:\/\/lafetedesvignerons.be\/wp-content\/uploads\/2022\/02\/273605593_124336256783256_2732698794200249279_n-300x300.jpg 300w, https:\/\/lafetedesvignerons.be\/wp-content\/uploads\/2022\/02\/273605593_124336256783256_2732698794200249279_n-150x150.jpg 150w\" sizes=\"auto, (max-width: 600px) 100vw, 600px\" \/><br \/>\n\t\tLe Domaine TRICHON cultive aujourd\u2019hui 13 ha de vignes en Agriculture Biologique, dans l\u2019appellation m\u00e9connue du Bugey qui existe pourtant depuis l\u2019\u00e9poque de Jules C\u00e9sar.\u00a0Avec 30 000 hectolitres par an, la production des vins du Bugey est issue d\u2019un enc\u00e9pagement vari\u00e9. En blanc : les principaux sont le Chardonnay, l\u2019Altesse ou Roussette, mais aussi des c\u00e9pages plus rares comme la Molette, l\u2019Aligot\u00e9 ou la Jacqu\u00e8re. En rouge, les principaux sont le Gamay, le Pinot, la Mondeuse (d\u2019apr\u00e8s certains la Mondeuse serait \u00e0 l\u2019origine de la Syrah). 95 % des vins sont commercialis\u00e9s en vente directe dans les exploitations familiales.\u00a0Le Domaine TRICHON a \u00e9t\u00e9 fond\u00e9 il y a 3 g\u00e9n\u00e9rations. En 2008, ils ont fait la d\u00e9marche de produire l\u2019ensemble de leur gamme en Agriculture Biologique. Ils produisent 8 vins diff\u00e9rents allant du blanc au rouge et du vin tranquille aux effervescents, ainsi que du jus de raisin.\u00a0Plus d\u2019infos sur <a href=\"http:\/\/www.domaine-trichon.com\">http:\/\/www.domaine-trichon.com<\/a><\/p>\n","protected":false},"excerpt":{"rendered":"<p>Domaine Trichon Le Domaine TRICHON cultive aujourd\u2019hui 13 ha de vignes en Agriculture Biologique, dans l\u2019appellation m\u00e9connue du Bugey qui existe pourtant depuis l\u2019\u00e9poque de Jules C\u00e9sar.\u00a0Avec 30 000 hectolitres par an, la production des vins du Bugey est issue d\u2019un enc\u00e9pagement vari\u00e9. En blanc : les principaux sont le Chardonnay, l\u2019Altesse ou Roussette, mais [&hellip;]<\/p>\n","protected":false},"author":2,"featured_media":0,"parent":0,"menu_order":0,"comment_status":"closed","ping_status":"closed","template":"","meta":{"footnotes":""},"class_list":["post-1243","page","type-page","status-publish","hentry"],"_links":{"self":[{"href":"https:\/\/lafetedesvignerons.be\/index.php\/wp-json\/wp\/v2\/pages\/1243","targetHints":{"allow":["GET"]}}],"collection":[{"href":"https:\/\/lafetedesvignerons.be\/index.php\/wp-json\/wp\/v2\/pages"}],"about":[{"href":"https:\/\/lafetedesvignerons.be\/index.php\/wp-json\/wp\/v2\/types\/page"}],"author":[{"embeddable":true,"href":"https:\/\/lafetedesvignerons.be\/index.php\/wp-json\/wp\/v2\/users\/2"}],"replies":[{"embeddable":true,"href":"https:\/\/lafetedesvignerons.be\/index.php\/wp-json\/wp\/v2\/comments?post=1243"}],"version-history":[{"count":0,"href":"https:\/\/lafetedesvignerons.be\/index.php\/wp-json\/wp\/v2\/pages\/1243\/revisions"}],"wp:attachment":[{"href":"https:\/\/lafetedesvignerons.be\/index.php\/wp-json\/wp\/v2\/media?parent=1243"}],"curies":[{"name":"wp","href":"https:\/\/api.w.org\/{rel}","templated":true}]}}