{"id":36,"date":"2017-11-27T22:20:11","date_gmt":"2017-11-27T21:20:11","guid":{"rendered":"http:\/\/lafetedesvignerons.be\/?page_id=36"},"modified":"2026-01-29T19:21:06","modified_gmt":"2026-01-29T18:21:06","slug":"informations-gembloux","status":"publish","type":"page","link":"https:\/\/lafetedesvignerons.be\/index.php\/informations-gembloux\/","title":{"rendered":"ACC\u00c8S &#038; INFOS UTILES"},"content":{"rendered":"<p><img loading=\"lazy\" decoding=\"async\" class=\"alignnone size-large wp-image-2166\" src=\"http:\/\/lafetedesvignerons.be\/wp-content\/uploads\/2026\/01\/Image-FDVG26-pour-evenement-1024x577.jpeg\" alt=\"\" width=\"1024\" height=\"577\" srcset=\"https:\/\/lafetedesvignerons.be\/wp-content\/uploads\/2026\/01\/Image-FDVG26-pour-evenement-1024x577.jpeg 1024w, https:\/\/lafetedesvignerons.be\/wp-content\/uploads\/2026\/01\/Image-FDVG26-pour-evenement-300x169.jpeg 300w, https:\/\/lafetedesvignerons.be\/wp-content\/uploads\/2026\/01\/Image-FDVG26-pour-evenement-768x433.jpeg 768w, https:\/\/lafetedesvignerons.be\/wp-content\/uploads\/2026\/01\/Image-FDVG26-pour-evenement-1536x865.jpeg 1536w, https:\/\/lafetedesvignerons.be\/wp-content\/uploads\/2026\/01\/Image-FDVG26-pour-evenement.jpeg 1640w\" sizes=\"auto, (max-width: 1024px) 100vw, 1024px\" \/><\/p>\n<p style=\"text-align: center;\">24\u00e8me \u00e9dition de la F\u00eate des vignerons de Gembloux<\/p>\n<p style=\"text-align: center;\">PERWEX<br \/>Rue des Dizeaux 10, 1360 Perwez<\/p>\n<p style=\"text-align: left;\">Heures d&rsquo;ouverture :\u00a0<\/p>\n<ul>\n<li style=\"text-align: left;\">Vendredi 6 f\u00e9vrier de 17h \u00e0 22h<\/li>\n<li style=\"text-align: left;\">Samedi 7 f\u00e9vrier de 11h \u00e0 21h<\/li>\n<li style=\"text-align: left;\">Dimanche 8 f\u00e9vrier de 11 \u00e0 18h<\/li>\n<\/ul>\n<p style=\"text-align: center;\"><b><u>Un parking de grande capacit\u00e9 est disponible pour les visiteurs<\/u><\/b><strong>\u00a0<\/strong><\/p>\n<p style=\"text-align: center;\">Prix de l\u2019entr\u00e9e : 5\u20ac<\/p>\n<p style=\"text-align: center;\">3\u20ac de caution pour le verre de d\u00e9gustation\u00a0<\/p>\n<p style=\"text-align: center;\">Bancontact disponible sur place<\/p>\n<p style=\"text-align: center;\"><strong><a href=\"https:\/\/www.quefaire.be\/23eme-edition-de-la-fete-des-8637603.shtml\" target=\"_blank\" rel=\"noopener noreferrer\">www.quefaire.be<\/a><\/strong><\/p>\n\n<div class='wpgmza_map_wrapper'><div id=\"wpgmza_map_block_1\" class=\"wpgmza_map wpgmza_standalone_map_block wpgmza-auto-center\" style=\"display:block;width:100%;height:400px;overflow:hidden;position:relative;\" data-maps-engine=\"open-layers\" data-build-engine=\"standalone-block\" data-icon=\"https:\/\/lafetedesvignerons.be\/wp-content\/plugins\/wp-go-maps-block\/images\/icon.png\" data-lat=\"50.62570244658187\" data-lng=\"4.801181966857924\" data-zoom=\"14\" data-address=\"50.62570244658187, 4.801181966857924\" data-infowindow-mode=\"click\" ><\/div><\/div>","protected":false},"excerpt":{"rendered":"<p>24\u00e8me \u00e9dition de la F\u00eate des vignerons de Gembloux PERWEXRue des Dizeaux 10, 1360 Perwez Heures d&rsquo;ouverture :\u00a0 Vendredi 6 f\u00e9vrier de 17h \u00e0 22h Samedi 7 f\u00e9vrier de 11h \u00e0 21h Dimanche 8 f\u00e9vrier de 11 \u00e0 18h Un parking de grande capacit\u00e9 est disponible pour les visiteurs\u00a0 Prix de l\u2019entr\u00e9e : 5\u20ac 3\u20ac [&hellip;]<\/p>\n","protected":false},"author":2,"featured_media":0,"parent":0,"menu_order":0,"comment_status":"closed","ping_status":"closed","template":"","meta":{"footnotes":""},"class_list":["post-36","page","type-page","status-publish","hentry"],"_links":{"self":[{"href":"https:\/\/lafetedesvignerons.be\/index.php\/wp-json\/wp\/v2\/pages\/36","targetHints":{"allow":["GET"]}}],"collection":[{"href":"https:\/\/lafetedesvignerons.be\/index.php\/wp-json\/wp\/v2\/pages"}],"about":[{"href":"https:\/\/lafetedesvignerons.be\/index.php\/wp-json\/wp\/v2\/types\/page"}],"author":[{"embeddable":true,"href":"https:\/\/lafetedesvignerons.be\/index.php\/wp-json\/wp\/v2\/users\/2"}],"replies":[{"embeddable":true,"href":"https:\/\/lafetedesvignerons.be\/index.php\/wp-json\/wp\/v2\/comments?post=36"}],"version-history":[{"count":11,"href":"https:\/\/lafetedesvignerons.be\/index.php\/wp-json\/wp\/v2\/pages\/36\/revisions"}],"predecessor-version":[{"id":2215,"href":"https:\/\/lafetedesvignerons.be\/index.php\/wp-json\/wp\/v2\/pages\/36\/revisions\/2215"}],"wp:attachment":[{"href":"https:\/\/lafetedesvignerons.be\/index.php\/wp-json\/wp\/v2\/media?parent=36"}],"curies":[{"name":"wp","href":"https:\/\/api.w.org\/{rel}","templated":true}]}}

ACCÈS &#038; INFOS UTILES

<p><img loading="lazy" decoding="async" class="alignnone size-large wp-image-2166" src="http://lafetedesvignerons.be/wp-content/uploads/2026/01/Image-FDVG26-pour-evenement-1024x577.jpeg" alt="" width="1024" height="577" srcset="https://lafetedesvignerons.be/wp-content/uploads/2026/01/Image-FDVG26-pour-evenement-1024x577.jpeg 1024w, https://lafetedesvignerons.be/wp-content/uploads/2026/01/Image-FDVG26-pour-evenement-300x169.jpeg 300w, https://lafetedesvignerons.be/wp-content/uploads/2026/01/Image-FDVG26-pour-evenement-768x433.jpeg 768w, https://lafetedesvignerons.be/wp-content/uploads/2026/01/Image-FDVG26-pour-evenement-1536x865.jpeg 1536w, https://lafetedesvignerons.be/wp-content/uploads/2026/01/Image-FDVG26-pour-evenement.jpeg 1640w" sizes="auto, (max-width: 1024px) 100vw, 1024px" /></p>
<p style="text-align: center;">24ème édition de la Fête des vignerons de Gembloux</p>
<p style="text-align: center;">PERWEX<br />Rue des Dizeaux 10, 1360 Perwez</p>
<p style="text-align: left;">Heures d&rsquo;ouverture : </p>
<ul>
<li style="text-align: left;">Vendredi 6 février de 17h à 22h</li>
<li style="text-align: left;">Samedi 7 février de 11h à 21h</li>
<li style="text-align: left;">Dimanche 8 février de 11 à 18h</li>
</ul>
<p style="text-align: center;"><b><u>Un parking de grande capacité est disponible pour les visiteurs</u></b><strong> </strong></p>
<p style="text-align: center;">Prix de l’entrée : 5€</p>
<p style="text-align: center;">3€ de caution pour le verre de dégustation </p>
<p style="text-align: center;">Bancontact disponible sur place</p>
<p style="text-align: center;"><strong><a href="https://www.quefaire.be/23eme-edition-de-la-fete-des-8637603.shtml" target="_blank" rel="noopener noreferrer">www.quefaire.be</a></strong></p>

<div class='wpgmza_map_wrapper'><div id="wpgmza_map_block_1" class="wpgmza_map wpgmza_standalone_map_block wpgmza-auto-center" style="display:block;width:100%;height:400px;overflow:hidden;position:relative;" data-maps-engine="open-layers" data-build-engine="standalone-block" data-icon="https://lafetedesvignerons.be/wp-content/plugins/wp-go-maps-block/images/icon.png" data-lat="50.62570244658187" data-lng="4.801181966857924" data-zoom="14" data-address="50.62570244658187, 4.801181966857924" data-infowindow-mode="click" ></div></div>

<p>24ème édition de la Fête des vignerons de Gembloux PERWEXRue des Dizeaux 10, 1360 Perwez Heures d&rsquo;ouverture :  Vendredi 6 février de 17h à 22h Samedi 7 février de 11h à 21h Dimanche 8 février de 11 à 18h Un parking de grande capacité est disponible pour les visiteurs  Prix de l’entrée : 5€ 3€ [&hellip;]</p>
